*t, -2*t + 1879 + 1931 = -5*s. Is t composite?
True
Let g be (-4)/22 + (-83828)/(-44). Is 3/6 - g/(-10) a composite number?
False
Suppose 4*y - 1258 - 619 = i, 4*i + 4 = 0. Is y prime?
False
Suppose 0 = 5*d - 4 - 6. Let f be -1*(-1 + (2 - d)). Is ((-28)/(-3) - f)*3 prime?
False
Suppose 2*b + 4*l + 0*l = 730, 1472 = 4*b + 5*l. Is b prime?
True
Let x(t) = -t**2 + t + 178. Let g be x(0). Suppose 5*s - 3*r = 924, -6*r - g = -s - 2*r. Is (2 - 1) + -2 + s composite?
True
Let n be 95/35 - (-2)/7. Suppose -n*f = 50 - 8. Let y = 24 + f. Is y composite?
True
Let b = -8 + 9. Let p(x) = 2*x. Let u be p(b). Suppose -165 = -u*y + 9. Is y composite?
True
Let v(k) = -k**3 + 4*k**2 + 6*k - 7. Let l be v(5). Is (-6)/4 + (-269)/l prime?
False
Is (0 + (4 - 3))*(155 + 2) a prime number?
True
Suppose 6 = j - 3*j - 4*o, 5*o = -j - 3. Let w be (1 - (j + -2)) + -1. Suppose n = 3*q + 109, 3*n + n - 487 = -w*q. Is n a prime number?
False
Let k(o) = 3*o - 5. Suppose -2 = 2*r - 6. Let w be r/(-8) - (-33)/4. Is k(w) a prime number?
True
Let n = 64 + 311. Let v = -226 + n. Is v a prime number?
True
Let r(d) = 21*d**3 - 11*d**2 + d + 10. Is r(9) a prime number?
True
Let o = 19 - 16. Suppose b + 157 = g, 0 = -o*g + b - 5*b + 499. Is g a prime number?
False
Let u be (-12)/3 + 2 + 7. Suppose u*g - 4*a - 940 = -a, 4*a + 553 = 3*g. Is g composite?
False
Let m be 0 + (3 - 5)*-223. Suppose w = -3*i + 358, m = 5*i - 3*w - 132. Is i composite?
True
Let z(p) = -11*p + 4. Suppose 3*r = 9, -4*y - 3*r = -1 + 4. Is z(y) composite?
False
Let b = 16 - 11. Let m be -1 + b - 3 - -42. Is -2 + 1 + m - 3 a composite number?
True
Is 260/(-30)*3/(-2) a prime number?
True
Suppose 2*g - w - 10 = -3*g, 4*w - 4 = -2*g. Suppose -5*b = g*l + 332, 22 - 92 = b + 4*l. Is b/4*(-8)/12 a prime number?
True
Let i = -72 + 165. Is i prime?
False
Let i(d) = -d + 6. Let h be i(8). Suppose -2*q = -3*q - 2*u - 16, -2*u + 64 = -3*q. Is (-372)/q - h/5 prime?
True
Let t be (4/7)/((-2)/(-7)). Suppose -t*z = 2*z - 372. Is z prime?
False
Suppose z - 2*b = 327, -5*z + 2*b + 0 + 1643 = 0. Is z prime?
False
Suppose p = -2 + 1. Let o = p + 32. Is o a composite number?
False
Suppose 2*c - 76 = 2*d + 6*c, c - 143 = 4*d. Is (-230)/(-18) - 8/d a composite number?
False
Suppose -g + 3*g = 10. Let x(r) = -2*r + 1. Let h be x(-4). Let i = g + h. Is i a prime number?
False
Suppose x = l - 318, 3*x - 4*l = -2*x - 1594. Let m = x - -455. Is m a prime number?
False
Suppose -18140 = -7*o + 2*o. Is (o/(-10))/(2/(-5)) composite?
False
Let p(a) = 9*a**3 + 2*a**2 - 2*a - 2. Let v be p(2). Suppose -2*t = -0*t - v. Suppose -29 = -2*n + t. Is n a composite number?
True
Suppose o + 0*o + 22 = f, 4*o = f - 34. Let y = f - -5. Is y a composite number?
False
Let h be 5 - (-1 - 0)*-2. Suppose 0 = h*a - a - 6. Suppose -l + 132 = a*l. Is l a prime number?
False
Suppose 0 = 5*x - 198 - 247. Suppose x = t + 5*o, -5*t = -3*t + 3*o - 164. Is t a composite number?
False
Let p = -47 + 106. Is p composite?
False
Let l be 4/3*(-9)/2. Let k(q) = q + 8. Let v be k(l). Suppose 137 - 367 = -v*f. Is f a composite number?
True
Suppose z - 118 = -3*y, 2*z = 2*y + 3*y + 269. Is z a prime number?
True
Is (143/(-33))/(1/(-1623)) composite?
True
Is (-5536)/(-7) - ((-8)/(-7))/(-8) composite?
True
Is 113 + 1 + (0 - -1) a composite number?
True
Let w = -3 - -3. Let m(g) = -g**3 + g**2 + g + 83. Is m(w) a composite number?
False
Let t be (1 - -7)/((-3)/3). Let m = 12 + t. Let s = 27 - m. Is s a prime number?
True
Suppose 2*w - 25 = -0*w + y, -2*y - 61 = -5*w. Let c = w + 9. Suppose -b + c = -57. Is b a prime number?
False
Suppose -4*o = -4*p + 2212, 4*o - o = p - 561. Let t = p - 262. Is t a prime number?
False
Let z(t) = -t**2 + 4*t + 2. Let i(r) = 3*r + 1. Let f be i(1). Let u be z(f). Is 2 + 10*13/u prime?
True
Let x(s) = 4*s - 1. Let i be x(1). Let r be (2 - i)/((-2)/(-26)). Let k = 28 + r. Is k a composite number?
True
Suppose 5*n = -2*x + 575, -3*x + 0*x = n - 882. Is x prime?
False
Let k be (1/(-1))/(2/(-50)). Suppose 3*j = 2*f + 47, 5 = j - 2*f - 12. Let l = k - j. Is l a composite number?
True
Let k = 3421 + -1642. Is k a prime number?
False
Let a be 2/(-4) + (-31)/(-2). Let k = -11 + a. Suppose -4*y - k*i + 40 = 0, -4*i + 0*i + 1 = y. Is y a composite number?
False
Let v = 33 + -13. Let a be (-18)/15*v/(-6). Is 400/2 + 12/a prime?
False
Is 5444*(-3 - 76/(-16)) composite?
True
Let n(s) = s**2 + s - 3. Let j be n(3). Suppose 5*p = 3*h + j, 5*p = p - 4*h + 20. Suppose 117 = 5*k + 2*q - p*q, 5*k = -4*q + 107. Is k a prime number?
True
Let j be (8/(-12))/((-2)/51). Suppose 4*s - j = 23. Is s prime?
False
Suppose 6*d - 2*d + 4 = -4*c, -3*c + 1 = 2*d. Suppose 4*m - s = 447, c*m + 5*s - 294 - 70 = 0. Is m prime?
True
Let w(b) = 10*b**2 - 3*b - 3. Is w(4) prime?
False
Let m(c) = -14*c - 1. Suppose 4*g - 24 = -0*g. Let b(k) = k**2 - 5*k - 7. Let i be b(g). Is m(i) a prime number?
True
Is 1094*(-1)/(-2)*3 a prime number?
False
Let m be -48*10*(-4)/8. Let o = 587 - m. Is o composite?
False
Let g(f) = f**2 - f + 203. Let l(z) = z**3 + 7*z**2 - 8*z. Let h be l(-8). Is g(h) prime?
False
Let x(w) = -w**3 - 5*w**2 + 4*w - 7. Suppose 4*r - 1 = g + 5, 5*r + 30 = -5*g. Let l be x(g). Suppose 3*h = 2*p + p - 84, -p - l*h + 58 = 0. Is p prime?
False
Suppose 3*t = 5*p + 2744, -5*p = t + 3*t + 2758. Let w = p - -801. Is w a composite number?
False
Suppose -957 = 6*s - 7647. Is s prime?
False
Let a = -8 + 13. Let m be 10/4*(-10)/a. Is m/(-15) + (-274)/(-6) composite?
True
Is (-4)/(-10) - 686/(-10) prime?
False
Suppose -6*m + 269 = -5*m. Is m a prime number?
True
Suppose -58 = -4*v - 6. Is v composite?
False
Suppose 4*o = 3*p - 25, -2*p - 3*p = -2*o - 9. Let h be (-8)/(-28) + 16/o. Is ((-106)/4)/(h/4) a prime number?
True
Suppose -6*d - 45 = -d. Let m(o) = -o**3 - 8*o**2 - o - 13. Is m(d) composite?
True
Let c(b) = 5*b**3 + b**2 - 2*b + 4. Let g = -9 + 12. Is c(g) a prime number?
False
Let g(a) = -5*a - 10. Let h(n) = -n**2 - 4*n + 1. Let w be h(-4). Suppose b + 8 = -w. Is g(b) composite?
True
Let n = 11 - 7. Suppose 2*z + o - 122 = 0, -z - 3*z + 232 = -o. Suppose -3*d - 4*h + 157 = 0, -n*d + 289 = -5*h + z. Is d composite?
True
Let j(m) = 30*m - 2. Let k be j(2). Suppose 3*r - 8 = k. Is r a composite number?
True
Let v(b) = -b + 2. Let o be v(2). Suppose s - 99 = -3*p - 2*p, 2*p - 4*s - 22 = o. Is p prime?
True
Suppose r + 2*d - 5*d - 496 = 0, 493 = r - 4*d. Is r composite?
True
Let p(a) = 4*a**2 - 12*a. Let l be p(5). Let m = -29 + l. Is m a prime number?
True
Let c = -439 + 676. Is c a composite number?
True
Suppose 5 = -z - 4*f - 4, 0 = -3*z + 4*f + 21. Suppose -z*d - 27 = -138. Is d prime?
True
Suppose -5*l - 515 = -5*x, -3*x = -4*l - 455 + 43. Let y = -57 - l. Is y composite?
True
Let a be 9/(-3) + 7 + -52. Is a/64 - 1639/(-4) a composite number?
False
Suppose 0 = -7*m + 6*m + 2353. Is m composite?
True
Suppose -j = 4*i - 25, -3*j - 3*i + 38 = 8. Suppose 0 = j*a - 4*a + 7. Let z(r) = -4*r - 9. Is z(a) composite?
False
Suppose 0 = -12*a + 3*a + 7389. Is a prime?
True
Suppose 0 = 2*x - 0*x - 4*d + 108, -3*d = -x - 56. Let i be 40/x*5*1. Let b(k) = -k - 2. Is b(i) a prime number?
True
Let k = 65 + 98. Is k prime?
True
Let w(m) = m**3 - 5*m**2 + 5*m - 5. Suppose 8 = 4*x - 8. Let l be w(x). Is -1 + (l + 11)*7 composite?
True
Suppose v - 737 = -4*g, 3*v - v - 4*g = 1462. Is v prime?
True
Let l(h) = 30*h + 11. Is l(13) prime?
True
Suppose -w - 436 = -5*w. Is w composite?
False
Is (-419)/(2 + (-6)/2) a prime number?
True
Let z(n) = 129*n + 1. Is z(2) a composite number?
True
Let v be 3/18 + (-21)/18. Is (v + 2)/((-3)/(-489)) a prime number?
True
Let c be (-2)/4 - 73/(-2). Suppose 3*h = 267 - c. Is h prime?
False
Suppose -q - a - 5 + 2 = 0, q - 3*a = -7. Let c = 1 + q. Let y(g) = 2*g**2 - 2*g + 2. Is y(c) a composite number?
True
Suppose -956 = -2*k - 2*h - h, -5*k = 2*h - 2401. Is k prime?
False
Let u(x) = 2 - 4 + 5 + 64*x - 4. Is u(2) a prime number?
True
Suppose 0 = -4*n + 4*j + 1328, 0*j - 652 = -2*n - 2*j. Is n composite?
True
Let a(c) = -c**3 - c**2 + c + 1. Suppose 4 - 2 = 2*u + 2*k, -4*u + 14 = -k. Let q = u - 5. Is a(q) composite?
False
Let o(q) = q**3 - q**2 - 4*q + 4. Let m be o(3). Is (-1191)/(-21) - m/(-35) a composite number?
True
Let z(r) = 14*r + 9. Let b be z(14). Suppos